hundreds digit of 1587?
5
What is the hundreds digit of 355?
3
What is the tens digit of 131?
3
What is the tens digit of 46867?
6
What is the tens digit of 8193?
9
What is the units digit of 8806?
6
What is the hundreds digit of 1017?
0
What is the tens digit of 6699?
9
What is the tens digit of 2006?
0
What is the thousands digit of 18097?
8
What is the tens digit of 33?
3
What is the units digit of 1885?
5
What is the ten thousands digit of 57012?
5
What is the tens digit of 4512?
1
What is the tens digit of 539?
3
What is the tens digit of 3408?
0
What is the units digit of 199?
9
What is the ten thousands digit of 60571?
6
What is the hundreds digit of 11008?
0
What is the thousands digit of 5851?
5
What is the units digit of 1985?
5
What is the units digit of 428?
8
What is the units digit of 6694?
4
What is the hundreds digit of 345?
3
What is the thousands digit of 3971?
3
What is the hundreds digit of 5532?
5
What is the hundreds digit of 19160?
1
What is the tens digit of 146776?
7
What is the hundreds digit of 35184?
1
What is the ten thousands digit of 15834?
1
What is the hundreds digit of 76310?
3
What is the tens digit of 7790?
9
What is the hundreds digit of 20495?
4
What is the thousands digit of 6627?
6
What is the hundreds digit of 2534?
5
What is the tens digit of 20106?
0
What is the tens digit of 140?
4
What is the tens digit of 52594?
9
What is the units digit of 23319?
9
What is the ten thousands digit of 62585?
6
What is the hundreds digit of 870?
8
What is the tens digit of 233?
3
What is the units digit of 32?
2
What is the hundreds digit of 7195?
1
What is the hundreds digit of 393?
3
What is the hundreds digit of 438?
4
What is the tens digit of 664?
6
What is the units digit of 16096?
6
What is the hundreds digit of 1805?
8
What is the tens digit of 2411?
1
What is the thousands digit of 2499?
2
What is the thousands digit of 3440?
3
What is the thousands digit of 1268?
1
What is the thousands digit of 21247?
1
What is the hundreds digit of 1645?
6
What is the hundreds digit of 835?
8
What is the tens digit of 70055?
5
What is the tens digit of 13129?
2
What is the hundreds digit of 496?
4
What is the hundreds digit of 6830?
8
What is the hundreds digit of 1768?
7
What is the thousands digit of 4924?
4
What is the ten thousands digit of 106160?
0
What is the hundreds digit of 593?
5
What is the tens digit of 9889?
8
What is the thousands digit of 10510?
0
What is the units digit of 132411?
1
What is the hundreds digit of 38924?
9
What is the units digit of 3929?
9
What is the units digit of 54014?
4
What is the hundreds digit of 2634?
6
What is the hundreds digit of 579?
5
What is the tens digit of 6141?
4
What is the units digit of 5189?
9
What is the thousands digit of 3253?
3
What is the tens digit of 5610?
1
What is the units digit of 448?
8
What is the units digit of 22656?
6
What is the units digit of 15409?
9
What is the hundred thousands digit of 149461?
1
What is the units digit of 14794?
4
What is the hundreds digit of 12463?
4
What is the units digit of 5494?
4
What is the ten thousands digit of 48435?
4
What is the hundreds digit of 19554?
5
What is the tens digit of 2963?
6
What is the thousands digit of 1189?
1
What is the units digit of 24341?
1
What is the tens digit of 1204?
0
What is the tens digit of 31688?
8
What is the ten thousands digit of 10653?
1
What is the units digit of 341?
1
What is the tens digit of 2488?
8
What is the units digit of 1496?
6
What is the units digit of 21176?
6
What is the hundreds digit of 12282?
2
What is the thousands digit of 2285?
2
What is the units digit of 7298?
8
What is the hundreds digit of 1153?
1
What is the units digit of 574?
4
What is the hundreds digit of 14589?
5
What is the units digit of 3182?
2
What is the units digit of 11950?
0
What is the hundreds digit of 8341?
3
What is the units digit of 36?
6
What is the tens digit of 27776?
7
What is the units digit of 40017?
7
What is the tens digit of 10932?
3
What is the thousands digit of 3648?
3
What is the ten thousands digit of 128349?
2
What is the tens digit of 4246?
4
What is the hundreds digit of 69630?
6
What is the thousands digit of 17122?
7
What is the ten thousands digit of 12075?
1
What is the units digit of 1521?
1
What is the hundreds digit of 6798?
7
What is the tens digit of 6379?
7
What is the tens digit of 3554?
5
What is the tens digit of 25786?
8
What is the thousands digit of 13502?
3
What is the tens digit of 13847?
4
What is the units digit of 8677?
7
What is the ten thousands digit of 74524?
7
What is the tens digit of 66363?
6
What is the units digit of 883?
3
What is the tens digit of 20492?
9
What is the hundreds digit of 12910?
9
What is the units digit of 5845?
5
What is the thousands digit of 2757?
2
What is the tens digit of 3721?
2
What is the tens digit of 4431?
3
What is the units digit of 34277?
7
What is the tens digit of 2408?
0
What is the units digit of 28?
8
What is the hundreds digit of 1243?
2
What is the units digit of 35579?
9
What is the hundreds digit of 1223?
2
What is the tens digit of 19109?
0
What is the thousands digit of 2554?
2
What is the tens digit of 968?
6
What is the tens digit of 333?
3
What is the ten thousands digit of 61203?
6
What is the ten thousands digit of 27676?
2
What is the thousands digit of 1257?
1
What is the tens digit of 8929?
2
What is the units digit of 704?
4
What is the tens digit of 1548?
4
What is the tens digit of 68113?
1
What is the thousands digit of 7457?
7
What is the ten thousands digit of 55444?
5
What is the hundreds digit of 821?
8
What is the tens digit of 9900?
0
What is the thousands digit of 8624?
8
What is the thousands digit of 5416?
5
What is the hundreds digit of 3384?
3
What is the tens digit of 22631?
3
What is the tens digit of 3177?
7
What is the tens digit of 12627?
2
What is the hundreds digit of 8400?
4
What is the hundreds digit of 128526?
5
What is the units digit of 2016?
6
What is the thousands digit of 10994?
0
What is the tens digit of 49105?
0
What is the tens digit of 231?
3
What is the units digit of 19193?
3
What is the tens digit of 27202?
0
What is the units digit of 8617?
7
What is the thousands digit of 4731?
4
What is the hundreds digit of 1661?
6
What is the units digit of 4844?
4
What is the ten thousands digit of 105670?
0
What is the hundreds digit of 1796?
7
What is the ten thousands digit of 14391?
1
What is the hundreds digit of 389?
3
What is the thousands digit of 10727?
0
What is the hundreds digit of 6545?
5
What is the units digit of 87534?
4
What is the tens digit of 48597?
9
What is the ten thousands digit of 59089?
5
What is the thousands digit of 54477?
4
What is the units digit of 24962?
2
What is the units digit of 7111?
1
What is the units digit of 521?
1
What is the units digit of 107356?
6
What is the hundreds digit of 15009?
0
What is the thousands digit of 4413?
4
What is the hundreds digit of 108692?
6
What is the units digit of 5807?
7
What is the hundreds digit of 35857?
8
What is the hundreds digit of 57701?
7
What is the ten thousands digit of 15408?
1
What is the tens digit of 643?
4
What is the hundreds digit of 3066?
0
What is the thousands digit of 3610?
3
What is the tens digit of 991?
9
What is the thousands digit of 96153?
6
What is the units digit of 389?
9
What is the tens digit of 7385?
8
What is the hundreds digit of 3825?
8
What is the ten thousands digit of 18215?
1
What is the thousands digit of 1106?
1
What is the units digit of 13150?
0
What is the tens digit of 1458?
5
What is the thousands digit of 1012?
1
What is the hundreds digit of 1665?
6
What is the hundreds digit of 5507?
5
What is the tens digit of 801?
0
What is the tens digit of 7037?
3
What is the hundreds digit of 69614?
6
What is the hundreds digit of 1451?
4
What is the units digit of 6867?
7
What is the ten thousands digit of 21065?
2
What is the thousands digit of 5958?
5
What is the thousands digit of 4620?
4
What is the hundreds digit of 1524?
5
What is the thousands digit of 11203?
1
What is the tens digit of 12499?
9
What is the thousands digit of 18101?
8
What is the ten thousands digit of 16885?
1
What is the tens digit of 780?
8
What is the thousands digit of 